?
2
Calculate (2 - -4 - -2) + -4 + 0.
4
What is 3 + (-11 - (-1 - 7))?
0
Evaluate 5 - ((9 - 3) + -4).
3
What is the value of 4 + 0 + (-5 + -1 - -6)?
4
Evaluate (0 - (1 - 7)) + -5 + 1.
2
(5 - (16 - (7 - 5))) + 4
-5
What is 6 - 7 - (-3 + (0 - -1))?
1
What is -22 + 23 + -4 + 0 + 0?
-3
What is (-1 - -13 - (4 + 0)) + -6?
2
Evaluate -4 - ((13 - 8) + 0).
-9
Calculate -6 + 8 - (0 + 3 + 1).
-2
10 - (10 + -10 - 0)
10
0 + 5 + -4 + 3 - 1
3
(0 - (1 + 0)) + -34 + 33
-2
13 - -12 - 8 - 10
7
Evaluate 13 + (5 + 3 - 17).
4
What is (1 - -8) + (-4 - 0)?
5
12 + -17 - (-6 - -2)
-1
What is 10 - 9 - -5 - -1?
7
What is 7 - -2 - 4 - 3?
2
What is (0 - (-6 + 5)) + (0 - -1)?
2
-3 - (4 + -1 - -1 - 7)
0
0 + 5 + -13 + (-1 - -5)
-4
(0 - 10 - 1) + -149 + 152
-8
Evaluate 3 + 3 + (2 - 2 - 2).
4
What is -7 + 5 + 1 + (1 - 3)?
-3
-104 + 106 - ((-1 - -10) + 0)
-7
Calculate -7 - -10 - (1 + 0) - -4.
6
Evaluate -7 + 1 + -44 + 57.
7
What is the value of -1 - (-1 + 4 - -1)?
-5
-4 + -3 + (0 - -7) - 5
-5
(4 - 6 - -7) + 1
6
6 + -10 + 9 - (13 + -1)
-7
Calculate -19 + (-5 + 13 - -6).
-5
Evaluate -7 + -2 + 67 + -67.
-9
Calculate 20 + -21 + (3 - (2 + -1)).
1
Calculate 6 + 5 + -19 + 1.
-7
Evaluate -1 - -2 - (-12 + 9).
4
3 - (2 + (-3 - (-1 - 4)))
-1
Evaluate 2 - (11 - (0 + (2 - -4))).
-3
What is -4 + 8 - -1 - 3?
2
What is the value of -11 + (-2 - -2 - -8)?
-3
Evaluate 5 + 5 + -4 - 8.
-2
Evaluate 0 + -4 + 2 + 2.
0
What is the value of 8 + -6 + -1 - (0 - 1)?
2
What is the value of 1 + 0 + -12 + (-6 - -25)?
8
Calculate 11 + -17 + -1 - -14.
7
What is 2 + -6 + 13 + -9?
0
-8 - 0 - 1 - (-1 + -3)
-5
What is the value of 5 + 2 - (-1 - -14)?
-6
Evaluate (4 - 0 - (11 - 5)) + 1.
-1
What is (3 - 2) + -2 + 2?
1
-8 + 3 - (3 + 1 + -8)
-1
-4 + 6 + 3 + -6
-1
What is (-9 - (3 + (-1 - 6))) + -3?
-8
Evaluate 1 - 0 - (-22 - -17).
6
Evaluate -9 - -1 - (-1 - (-6 - -5)).
-8
Evaluate (0 - 1) + (0 - -2).
1
Evaluate 2 - (12 + -21 + 11).
0
Calculate 15 - 0 - 16 - -4.
3
8 - (7 + 5) - -12
8
What is 0 - (7 - (-2 - -8))?
-1
Calculate -1 + (-4 - (-3 + 1)) + -2.
-5
What is the value of (-2 - 2) + 6 + 0?
2
Calculate 0 + 0 - (-6 + 2 + 2).
2
What is the value of 6 + (-2 + 1 - (5 + -3))?
3
Calculate (-3 - -3) + -1 + (4 - 5).
-2
Calculate 4 + -8 + 3 - (-3 + 1).
1
What is the value of -9 + (-11 + 16 - 0)?
-4
What is the value of -11 + 2 - (-11 + -3 - -8)?
-3
What is the value of -2 - (-5 - -1 - (-2 + -1))?
-1
-4 + -4 + 3 - (-31 - -24)
2
What is the value of (5 - (3 - 0)) + (3 - 9)?
-4
Evaluate -2 + (0 + 6 - (0 - -3)).
1
1 - (2 + -6 + 3 + 2)
0
What is the value of -7 + 6 + 5 + (-5 - 2)?
-3
Evaluate -6 + (-10 - -23) - 7.
0
Evaluate -2 - 2 - (-75 - -65).
6
Calculate 0 - 5 - (18 + -27).
4
2 - (1 + -5 + 4 - 2)
4
Calculate 8 - (-4 + (20 - (3 - 3))).
-8
-2 - 0 - (0 + -1 + 1)
-2
What is (8 + 0 - (61 - 60)) + 0?
7
Calculate -8 + -7 + 19 - -3.
7
4 - (-3 + (3 - 0) + 8)
-4
(8 - 8) + 2 + 1 - -5
8
What is the value of 4 - 0 - (-14 + 15)?
3
Evaluate 3 + (52 - 59) + (0 - 3).
-7
Evaluate 10 - (0 - (-13 + 10)).
7
-4 - (-4 + 5 + 1 + -2)
-4
What is the value of 24 + -10 - (6 - -1)?
7
-2 + 0 + 3 - 4
-3
-6 - 0 - (-6 - -1)
-1
Calculate 14 + (-6 - 4) + -1.
3
Calculate -48 + 49 - (-4 + 13 - 4).
-4
Evaluate 7 + 1 + -2 + -1 + -11.
-6
What is 22 + -14 - (12 + -3)?
-1
Calculate (2 + -4 + -1 - 0) + -2.
-5
What is the value of (-21 - -11 - -8) + 1 + 4?
3
Calculate 4 + -1 - (-3 - (-1 + 1)).
6
What is (-1 - -16) + -128 + 115?
2
Calculate (20 - 32) + 9 + -1.
-4
Evaluate 12 + 15 + -26 + -2 + -2.
-3
What is 3 + (-3 - 8 - (8 + -11))?
-5
What is (-9 - -7) + 0 + 9 - 6?
1
(-2 - 8) + -32 + 37
-5
What is the value of -7 - (-13 - (2 - -5) - -6)?
7
What is -8 - (-9 + 3 - (7 + -10))?
-5
5 + (0 - 1) + 9 + -9
4
What is the value of 4 + 0 + -4 + 9 - 6?
3
Calculate 3 + -2 + (2 - 1).
2
-7 - (-7 - (-8 + 13))
5
What is the value of (5 - 2) + -8 + 5?
0
Evaluate -2 - (-2 + 4 + -1 + 0).
-3
What is the value of (-3 + 9 - 2) + 0 - -2?
6
0 + -1 + (-8 - -11) - 5
-3
Evaluate -6 - (13 + -10) - -12.
3
What is the value of 3 - 8 - (-4 + 5 - 2)?
-4
Calculate 4 + 1 + -1 + 0 - 8.
-4
What is the value of -3 + (3 + -5 - -3) + -2?
-4
What is (0 - (0 + 1)) + -40 + 38?
-3
Evaluate -9 + (19 - 0 - 12).
-2
Evaluate -2 + (-18 + 5 - -8).
-7
Evaluate 12 - -1 - (-5 - (12 + -22)).
8
What is the value of -68 + 63 - (-2 - (0 - -1))?
-2
What is 0 + -11 + (-3 - (-7 + 0))?
-7
What is 7 + 3 + (-1 - -1) + -7?
3
What is the value of -7 + 1 + (1 - 1)?
-6
What is 2 + 0 - (0 - (6 - 5))?
3
Calculate (2 + 0 - 3) + (3 - 4).
-2
Calculate -4 + 1 + 6 + -3 + -5.
-5
(-1 - (0 - -5)) + (30 - 22)
2
What is the value of 4 + 2 + 1 + -3?
4
7 + (-2 + -1 - (-13 - -10))
7
63 + -72 + 5 + 0
-4
Calculate (-4 - -1) + 8 - (-13 + 23).
-5
What is the value of -3 - (4 + 0) - (-40 - -36)?
-3
What is 1 - (0 + -1) - -6 - 4?
4
Evaluate 0 + 2 + -1 + (-30 - -22).
-7
Evaluate 1 + (-8 + 1 - (23 + -24)).
-5
Evaluate (0 - 1) + 22 + -22.
-1
Calculate 3 + -5 + -7 + 7.
-2
Calculate -14 - ((-40 - -11) + 4).
11
Calculate -15 + (4 - 2) + 9.
-4
What is the value of -3 + (1 + -1 - -5)?
2
Evaluate -3 - (3 - (8 + -5 + 3)).
0
Evaluate -1 + 2 + -2 + -1 + 3.
1
Calculate -5 + 10 + (-6 - (-2 - 2)).
3
What is 2 + 1 + (5 + -6 - -2)?
4
What is the value of 4 + -1 - (0 + 5 - 5)?
3
Evaluate -5 + (-3 + 11 - 7).
-4
Calculate -1 - -5 - (-92 + 95).
1
Calculate -7 + 11 + 1 - 0.
5
Evaluate (-2 - -1) + (0 + -1 - 2).
-4
What is 3 - 4 - (-8 - (1 - 3))?
5
What is the value of 1 + 5 + (11 - 24) - -1?
-6
Evaluate (14 + -4 - 2) + -1.
7
-2 + (2 + 2 - (0 - -2))
0
What is the value of -1 + 2 + 0 - (-2 + 2)?
1
Calculate 3 + (-9 - -15 - 5).
4
What is (0 - -9) + (-52 - -37)?
-6
Calculate (24 - 8) + -7 - 9.
0
What is 12 - 18 - ((-2 - -3) + -2)?
-5
Calculate 1 + -4 - (-23 - -17).
3
What is the value of 5 + -5 - 2 - -3?
1
Evaluate 1 + -1 + 1 - 3.
-2
(9 - 9) + -4 - (-9 + 0)
5
Calculate -3 + 2 + -1 + -2 + -1.
-5
What is -4 + 3 + -3 + -1?
-5
Calculate (6 - 2 - 4) + -4.
-4
-1 - 1 - (9 + (-7 - 4))
0
What is the value of (-5 - -1 - 5) + 15?
6
Calculate (18 - 13) + -1 + (-1 - -2).
5
What is the value of -3 + (0 - ((2 - 5) + 5))?
-5
What is -8 + 24 - (2 + 5) - 2?
7
Calculate -4 + 3 + 7 + 1 - 2.
5
-41 + 43 + 1 + -4 + 2
1
What is the value of (-2 - -3) + -4 + 2 - 3?
-4
What is the value of 4 + -1 + 20 + -13?
10
What is 7 - (4 + 5 + (-2 - 3))?
3
Calculate 10 + (-26 - -9 - -8).
1
What is -5 + (-3 - (-2 + -3))?
-3
What is 7 + (9 + -10 - 4)?
2
-8 - ((4 - 6) + -2)
-4
Calculate 2 + -4 + (0 - 2) - -4.
0
0 + -3 - (-11 - -5) - 0
3
0 + -9 - -26 - 9
8
What is -5 + -5 + -6 + 5 + 3?
-8
Evaluate 4 - (-6 + 5 - -5).
0
What is -3 + -1 + 0 + 8?
4
What is the value of (3 - 2) + -4 + (8 - 0)?
5
Calculate (4 - -1) + -4 + -2.
-1
What is the value of 3 + 2 + (-1 - 5)?
-1
What is the value of (7 - -7) + -14 + 2 + -1?
1
Calculate (-1 - (-4 + 1)) + (51 - 57).
-4
What is the value of 2 + 1 - (-1 - (-12 - -12))?
4
What is 15 + (-4 - 1) + 28 + -30?
8
2 + (2 - (5 - -1))
-2
What is the value of 4 + (-1 + 2 - 0)?
5
Calculate 1 - ((0 - -1) + 4 + -3).
-1
Calculate -5 - (3 - -3 - 7).
-4
What is -1 - -2 - (13 + -14)?
2
What is the value of 3 - (4 - 3) - (-2 + 3)?
1
Calculate 5 - 6 - (-4 + 2 + 4).
-3
-23 + 14 - -9 - (-1 - 0)
1
9 + (0 - 1) + -3
5
Evaluate (0 - -6) + (3 - 3) - 11.
-5
-3 + (-6 - ((-4 - -8) + -7))
-6
Calculate -13 + (12 - -2 - 8).
-7
What is -24 + 23 + 1 + 3 - 3?
0
-1 - -2 - -1 - (1 - -4)
-3
What is -9 - -1 - (2 - 5)?
-5
Calculate -15 - -13 - (1 - -1).
-4
Calculate 6 + -10 + -1 + 6 + 3.
4
Evaluate -1 - 0 - (1 + -3).
1
What is 0 + -1 + 2 + 4 - 5?
0
1 + (-2 - 5) - (-6 - -2)
-2
Calculate -1 + (13 - 5) + -2.
5
What is the value of 0 + 1 - (2 + -2 + 2)?
-1
What is 2 + (-4 - -8) + -2?
4
-5 + (-2 - (-4 + -2 + 3))
-4
What is the value of (2 - (-2 + 4)) + (-1 - -5)?
4
Evaluate -7 + 1 + (45 - 46) - -3.
-4
What is 1 + -1 - (-13 + 10)?
3
(-1 - -1) + (7 - 5) + -1
1
What is the value of -3 + 3 - 4 - -4?
0
Evaluate 0 - 3 - (8 - 3).
-8
What is -1 - (2 - (-1 + (6 - 3)))?
-1
Evaluate (-4 - (-6 - -3)) + -3.
-4
Calculate 7 + -4 + 0 + 0 + 0.
3
Evaluate 3 + (4 - (-1 + 6)).
2
Evaluate 1 - (0 - ((-2 - -2) + 5)).
6
7 + -14 + 5 + -3
-5
Evaluate -1 + 0 + -2 + 8 + -5.
0
(7 - 20) + 6 - -4 - 0
-3
Calculate 4 - 3 - 2 - 0.
-1
What is the value of -5 - (-41 - -40 - (-1 + 10))?
5
What is 4 + -1 + (15 - 7 - 7)?
4
Calculate (13 - 4) + -4 + -8.
-3
What is the value o